reatest common divisor of 66 and t.
6
Suppose 2*i - 4*i = 72. Let c = 72 + i. What is the greatest common factor of 324 and c?
36
Suppose f - 9 = -3*f + 5*g, 2*g = 2*f - 2. Let j be ((-8)/f)/(-2)*-49. What is the greatest common divisor of j and 539?
49
Let o be 10*(-3)/((-6)/7). Let n = 1405 - 1160. Calculate the highest common divisor of o and n.
35
Suppose -8*l = -2*l - 36. Let q be (-150)/(-12)*(-6)/(-5). Let c = -9 + q. Calculate the highest common divisor of l and c.
6
Suppose 5*d = -4*b + 32, -2*d - 2*b = -12 - 0. Suppose -20 = 4*z - d*z. Calculate the greatest common factor of z and 35.
5
Let m be (-8974)/(-30) - (-21)/((-1260)/8). Calculate the greatest common divisor of 104 and m.
13
Let j be 1/1*(-339)/(-1). Suppose j = -5*r + 869. Suppose -3*z + r = 10. Calculate the highest common divisor of z and 8.
8
Let s = 297 - 276. Suppose 11*w = 6*w + 945. What is the greatest common factor of s and w?
21
Let r = 15 + -7. Let y be (-2)/r - (-1)/4. Suppose 0*p - 3*p + 9 = y. What is the highest common factor of 3 and p?
3
Suppose -10*b + 725 - 85 = 0. Suppose 5*r - 115 = 5*a - 7*a, -b = -a + 4*r. Calculate the greatest common divisor of a and 36.
12
Let c(t) = -12*t + 192. Let l be c(11). Calculate the highest common factor of 135 and l.
15
Suppose 0 = 3*v + 27. Let n be 3 - (-2)/((-2)/v). Let m be ((-12)/8)/((-2)/48). What is the greatest common divisor of m and n?
12
Suppose 6*o - 2*k = o + 14, 4*k = 3*o. Suppose -o*v = -8*v + 56. What is the highest common divisor of v and 112?
14
Let d(j) = -j + 16*j + 0*j + j**3 - 11*j**2 - 23. Let r be d(10). Calculate the highest common divisor of 9 and r.
9
Let f be 10/((-2)/(-24)*3). Suppose 280 = 4*c + f. Calculate the greatest common factor of c and 6.
6
Suppose -5*m = -8 - 62. Suppose 13*j + 2 = m*j. Let k be (-60)/9*(-6)/j. What is the highest common factor of 8 and k?
4
Let k(h) = 2*h + 70. Let z be k(-25). Calculate the greatest common divisor of z and 410.
10
Suppose -4*d = 0, -5*o = -3*o + d - 24. Suppose 3*r = 8*r + 5. Let h(u) = 5*u**2 - u - 2. Let c be h(r). Calculate the highest common divisor of c and o.
4
Suppose 9*t - 38 = 7*t + 2*h, 0 = t - 4*h - 31. Calculate the greatest common divisor of 135 and t.
15
Suppose -110*p + 80 = -94*p. Calculate the highest common divisor of 5 and p.
5
Let l(q) = q**3 + 16*q**2 + 7*q + 25. Let i be l(-12). Calculate the greatest common factor of 47 and i.
47
Suppose w - 11 = -4. Let t(n) = n**2 + 14. Let k be t(w). Calculate the highest common factor of 21 and k.
21
Let w = 37 - 63. Let f = 50 + w. What is the highest common factor of f and 72?
24
Let v = 557 - 542. What is the greatest common divisor of 55 and v?
5
Suppose 2 = -4*y + 5*n - 2, 5*n = -2*y + 28. Suppose -105 = 9*z - 4*z. Let v = -17 - z. What is the greatest common factor of v and y?
4
Let j(f) = 2*f**3 - 5*f**2 - 34*f + 128. Let c be j(4). Let n be 4/(-6) - 64/(-6). Calculate the greatest common divisor of c and n.
10
Let d(f) = 3*f - 2. Let k be d(14). What is the highest common divisor of 30 and k?
10
Suppose -a + 18 = -2*c, 0 = 6*a - 7*a - c + 27. What is the greatest common divisor of a and 176?
8
Let l be -5*((-396)/20 - 4). Suppose 4*i = -3*h + l + 206, 4*h + 2*i = 450. What is the greatest common divisor of h and 46?
23
Suppose 0 = 4*d + 9*w - 168, -3*d + 70 + 79 = w. Calculate the highest common divisor of 408 and d.
51
Suppose -3*z - 3 = 0, 5*y + 0*z = 2*z + 47. Let l be (-70)/20*(-3 - -1). Suppose -5 = -l*n + 2*n. Calculate the highest common factor of n and y.
1
Let l be ((-30)/(-9))/(18/27). What is the greatest common factor of 80 and l?
5
Let s(d) = 13*d**2 - 356*d. Let l be s(28). Suppose -5*w = -2*n + 94, -3*n + 2*n + 21 = 4*w. Let u = n - 9. Calculate the greatest common factor of u and l.
28
Let s = -15 + 25. Suppose -s*f + 33 = -47. Suppose 3*u + 5*c - 86 = 0, -2*u - 3*c = -6*u + 134. What is the greatest common factor of u and f?
8
Suppose 0*m - 5 = -2*m + 5*u, 0 = -5*m + u + 24. Suppose -5*d + 280 = -0*d - o, m*d = 3*o + 280. Calculate the greatest common factor of 7 and d.
7
Suppose -5*i + 3*y + 3 = -8, -5*i - y = -23. Let w = 8 - i. Suppose -2 = -q - j, 9*q - 155 = 5*j - 25. What is the highest common factor of q and w?
2
Suppose x + 256 = 5*m, -m - x + 61 = 5. Calculate the greatest common divisor of m and 16.
4
Let i = 38 - 33. Let t be (4 - i)/((-38)/(-20) - 2). Calculate the highest common divisor of 70 and t.
10
Suppose x - 31 = 2*z + 3*z, 3*z = -15. Suppose -129 = -2*a + 3*i, -a + x*a = 5*i + 335. What is the greatest common factor of 8 and a?
8
Let s(i) = -18*i + 4. Let j be s(2). Let o be j/(-18) - 8/(-36). Suppose -3*g - 2 + 30 = o*x, 5*x + 56 = 3*g. What is the greatest common factor of 84 and g?
12
Suppose 239 + 121 = 18*w. Calculate the highest common divisor of w and 40.
20
Suppose 0 = 4*d - 6*d + 84. Let v = d + -35. What is the highest common divisor of v and 77?
7
Let q = -36 + 26. Let a be ((-55)/q)/(2/32). What is the highest common factor of a and 11?
11
Suppose 0 = 5*q - 147 - 533. Let s = -92 + q. Let c be ((-22)/(-4))/(1/2). What is the greatest common factor of s and c?
11
Let s = 167 - 140. Calculate the highest common factor of s and 81.
27
Suppose -k = n - 3*k + 129, 4*n - 4*k = -496. Let j = -59 - n. Calculate the greatest common factor of j and 15.
15
Let w(q) = 3*q**3 - 4*q**2 + 8*q - 2. Let d be w(2). What is the highest common factor of 22 and d?
22
Let u(l) = -10*l**2 + 2*l - 3. Let a be u(-4). Let j = a - -333. Let m be (-2)/(-6) + (-106)/(-6). What is the highest common divisor of m and j?
18
Suppose 0 = -2*b + 2*c + 126, -b = -2*c - 89 + 23. Suppose 10*h - 5*h = b. Calculate the greatest common divisor of 12 and h.
12
Let r be 4/((-4)/(-3))*4. Suppose -11*h + 9*h = -6. Suppose 0*a = -c + 3*a + 51, -2*c = h*a - 93. What is the highest common factor of r and c?
12
Let h(t) = 2*t**3 - 29*t**2 + 14*t + 9. Let m be h(14). What is the highest common divisor of 18 and m?
9
Suppose 3*c = 4*x + 884, -4*x - 332 + 888 = 2*c. What is the highest common divisor of c and 192?
96
Let t = 1337 + -1322. Let i = -13 - -58. What is the greatest common divisor of i and t?
15
Let f be (1/(-2))/(5/(-50)). Suppose -k = -1 + 4, -106 = -4*g + 2*k. What is the greatest common factor of f and g?
5
Let o = 2 + -5. Let p = 3 + o. Suppose p = 4*f + 4*g - 44, -f - 3*f - g = -29. What is the highest common factor of f and 54?
6
Let j be 8/3*99/6. Suppose 0 = -4*w + 4*t - t + 15, -4*w - 5*t - 25 = 0. Suppose h - 69 - 41 = w. Calculate the greatest common divisor of j and h.
22
Let s = -278 - -400. Suppose -2*d + s = 2*i, 3*d + 4*i - 278 + 96 = 0. Suppose d = 2*t + 10. What is the highest common divisor of t and 65?
13
Let j(v) = v**3 - 17*v**2 - 23*v + 8. Let s be j(18). Let p = s + 85. What is the greatest common factor of 33 and p?
3
Let h = -35 - -35. Let g = 4 + h. Suppose 57 = g*r + 5. What is the greatest common factor of 39 and r?
13
Suppose 0 = -3*w + 1 + 5. Suppose x + 2*x = w*g + 9, x + g = -2. Suppose 5 = 3*c - x. Calculate the greatest common factor of c and 4.
2
Let j be (-5 + (71 - 3))/1. Suppose -4*a + j + 145 = 0. Calculate the highest common factor of 78 and a.
26
Let x be ((-3)/(-15))/(2/310). Suppose 3*t - 5*z - 25 = -2, 3*t = z + x. Calculate the highest common divisor of 1 and t.
1
Let p be (-1 - -2)/((-4)/(-48)). Let z = -31 + 37. What is the highest common factor of p and z?
6
Let c = -5 + -2. Let r(w) = -2*w - 9. Let f be r(c). Suppose -3*z + 172 = 4*q, q + 180 = 5*q + 5*z. What is the highest common factor of f and q?
5
Let g(v) = -10*v + 93. Let t be g(8). Calculate the highest common factor of t and 143.
13
Let q be 12*(1 - (-1 + (-6)/(-4))). Let l be 2 - (q/(-4))/((-4)/(-208)). What is the highest common factor of 16 and l?
16
Suppose 8*u - 72 = 3*u - r, 3*u = 2*r + 38. Suppose 428*t - 423*t - 770 = 0. What is the highest common divisor of u and t?
14
Suppose -1494*q = -1488*q - 144. Calculate the highest common divisor of q and 57.
3
Suppose 8 = -4*l, 5*l = 3*c - 229 + 39. Suppose -5*x + 24 = 3*d - 10, 5*d = -5*x + c. What is the highest common factor of d and 117?
13
Let u(s) = -s**3 - 4*s**2 - 6*s - 3. Let c be u(-4). Suppose -5 = 2*j - c. Let b be (252/24)/(2/j). What is the highest common divisor of b and 21?
21
Let y be 3 + 